 -18 = -19*t + 1977. What is the units digit of ((-44)/5)/((-2)/t)*1?
2
What is the tens digit of (-12)/(4/((-61260)/9)*47/188)?
8
Let y(v) = 3*v - 3. Let f be y(-4). Let n(p) = 0*p**2 - 21*p**2 - 18*p + 37 + 20*p**2. What is the units digit of n(f)?
2
What is the hundreds digit of 3/(-30)*5*8 + 4112?
1
Let l(d) = d + 38. Let c be l(-38). Suppose 0*j - 12 = -6*j. Suppose c*s - j*s = -40. What is the units digit of s?
0
Let m(r) = 678*r**2 - 149*r + 730. What is the thousands digit of m(5)?
6
Let b = 16 + -17. Let s(j) = j. Let f(g) = 2*g**3 - 18*g**2 + g + 2. Let i(v) = b*s(v) + f(v). What is the units digit of i(9)?
2
Let v(o) = -o**3 + 19*o**2 - 5*o - 9. Let c(j) = j**2 - j - 1. Let s(y) = 4*c(y) - v(y). Let i be s(15). Let q = i + 249. What is the tens digit of q?
6
Suppose 9*g + 3906 - 30529 = 79352. What is the units digit of g?
5
Let w(o) = 5*o - 1. Let g(l) = 3*l + 41. Let p be g(0). Let i = -32 + p. What is the units digit of w(i)?
4
Suppose -210 = -34*w + 29*w. What is the tens digit of (-16744)/w*6/(-4)?
9
Let o = -503 - -505. What is the tens digit of (2 + 1668/16)/(o/16)?
5
Let b(t) = -2842 - t**3 + 3*t**2 - 2836 + 5666 + 9*t - 9*t**2. Suppose -5 = -4*w - 41. What is the units digit of b(w)?
0
What is the tens digit of (11/22)/(1*(-3)/(-15492))?
8
Suppose -4*f = 5*w - 48496, -81*f + 3*w - 36369 = -84*f. What is the hundreds digit of f?
1
Suppose -p + a = 40, -3*a - 240 = 5*p + 2*a. Let r = -40 - p. Suppose 2*y - 378 = -r*g, -5*y - 3*g = -690 - 283. What is the units digit of y?
7
Suppose 2*a - 12 = 2*m, -2*a + m = -8 - 1. Suppose -2*f - 2146 = -4*y, a*y = 5*f - 2*f + 1611. What is the units digit of y?
6
Suppose 3*d = 2*t + 7, -5 = 33*d - 34*d. Suppose 0 = -4*g + 4*n + 3322 - 138, -t*n = -5*g + 3984. What is the tens digit of g?
0
Suppose t = 21 - 15. Suppose 5*d = t*d - 556. Suppose 0*z - 2*u = 4*z - d, 5*z + 5*u = 685. What is the hundreds digit of z?
1
Let j(l) be the second derivative of -l**5/20 + 7*l**4/4 - 17*l**3/6 + 29*l**2/2 + 215*l. What is the units digit of j(13)?
0
Let k(s) = 124*s**2 + 22*s - 185. What is the thousands digit of k(8)?
7
Let c(w) = -w + 1. Let q be c(0). Let k be 16/(448/(-21)) - (-3)/(-12). What is the units digit of (-14858)/(-266) + (k/(-7))/q?
6
Suppose -3*i = 0, 4*i - 9518 = -5*b - 303. Suppose 78*v - 74*v = -d + 918, b = 2*d + v. What is the hundreds digit of d?
9
Suppose 3*o - 4*o - 567 = 4*z, 4*o - 3*z + 2211 = 0. What is the hundreds digit of (-7)/((-7)/(-6)) - (1 + o)?
5
What is the tens digit of ((-204)/(-15 - -12))/(-4*(-4)/14488)?
7
Let m(z) = z**3 - 9*z**2 + 5*z + 8. Let v be m(8). Let f = 20 + v. Suppose 3*d = -y + 248, 111 + 157 = 3*d - f*y. What is the units digit of d?
4
Let i(k) = k**3 - 18*k**2 - 6*k - 1. Suppose -b = -9 - 10. Let a be i(b). Suppose -5*s = -3*n + a, 3*s + 410 = 5*n - s. What is the units digit of n?
2
Let a(w) = -4*w**2 + 5*w - 7. Let t be a(3). Let h be t/12 + 2 - 4/6. What is the units digit of 40/3 + h - (-3)/(-9)?
2
Let h = 37 - 39. Let w be (2/(-1))/(h/(-21)). Let c = 37 - w. What is the units digit of c?
8
Let r = 22449 - 4827. What is the units digit of r?
2
Let i = 228 + -224. Suppose -4*d + 196 = -d - n, 0 = -i*d - 3*n + 244. What is the units digit of d?
4
Let v be 7/7 + (-3)/((-6)/(-296)). Let c = 95 + v. Let t = 123 + c. What is the tens digit of t?
7
Suppose 18*p + 25739 - 51937 = 584596. What is the ten thousands digit of p?
3
Let s(w) be the third derivative of 167*w**5/60 - 7*w**4/12 - 2*w**3/3 - 118*w**2. What is the tens digit of s(-2)?
9
Let y(l) = 6*l**2 - 2*l + 1. Let m be (-10)/8 - 16/(-64). Let n be y(m). Let w(i) = -i**2 + 13*i - 8. What is the units digit of w(n)?
8
Let j(p) = 31*p**2 - 2*p + 3. Let h be j(1). Let a = h - 28. What is the units digit of -4*(-35)/10*6/a?
1
Let o = -3850 + 6641. What is the hundreds digit of o?
7
Let f(x) = -13*x + 97. Let q(i) = i**3 + 22*i**2 + 24*i + 44. Let c be q(-21). What is the hundreds digit of f(c)?
3
Suppose 147*g = 68*g + 366086. What is the thousands digit of g?
4
Let v(u) be the first derivative of u**3/3 + 4*u**2 - 27*u + 23. What is the tens digit of v(-31)?
8
Let b(o) = -o**3 - 4*o**2 - 5*o - 4. Let r be b(-3). Let g(x) = -3 + 0 - x + 7*x + 18*x**r - 2*x. What is the tens digit of g(1)?
1
What is the ten thousands digit of -4*(11 - 288561/84)?
1
Let m = 57 - 53. Let p be 202/6 + m/(-6). Let h = 136 - p. What is the tens digit of h?
0
Let l = -90 - -98. Let z = -71 + 260. Suppose q - z = -l*q. What is the units digit of q?
1
Let q = 22001 - 15144. What is the thousands digit of q?
6
Let z = 354 - 161. Let i be (-1 - 46*6)/(-1). Let p = i - z. What is the units digit of p?
4
Let r(z) = 112*z**2 + 144*z + 15. What is the thousands digit of r(-13)?
7
What is the thousands digit of 1349/(-342)*-2451 + (-1)/(-6)?
9
Suppose -2 + 18 = m. Suppose 152 = 14*u - m. What is the units digit of u?
2
Suppose -203 + 38 = 11*l. Let p be (-54)/l + -4 + 4364/10. Suppose 0 = -3*o, -4*c = -6*c + 2*o + p. What is the units digit of c?
8
Let i = 5010 - 1488. Suppose i = 19*f - 4192. What is the hundreds digit of f?
4
Suppose -2*j + 147059 = -7*j + 16*j. What is the tens digit of j?
6
Let j = 7423 - 5132. What is the thousands digit of j?
2
Let w = 705 - 398. Let y = w - 69. Let q = -93 + y. What is the hundreds digit of q?
1
Suppose b = 4 + 1. Suppose 5*w - 106 = 154. Let k = w + b. What is the tens digit of k?
5
Let a = -51 + -5. Let p = 145 - a. Let r = p - 116. What is the tens digit of r?
8
Let f(d) = 25*d - 68. Let o be f(8). Let y = o + 116. What is the tens digit of y?
4
Suppose -3*f - z = -130, 5*f = 3*f - 2*z + 84. Suppose -f*m = -37*m - 5663. What is the hundreds digit of m?
8
Let i(u) = -u**3 + 56*u**2 + 105*u - 129. What is the hundreds digit of i(54)?
3
Let l = -40 + 45. Suppose -l*g = -4*h - 1571, 327 = g + 2*h - 6*h. What is the units digit of g?
1
Suppose -5*i - 118749 = 3*g - 463172, -3*g + 206643 = 3*i. What is the thousands digit of i?
8
Suppose -4*p + 48579 = -b, 0 = -2*p - 682*b + 687*b + 24267. What is the tens digit of p?
4
What is the tens digit of (-2 - (-938)/(-3))/(1264/(-9480))?
6
Suppose -3*k + 14 = 5. Suppose 0 = -5*q + 2*g + 3*g + 2660, -3*g + 1620 = k*q. Suppose 5*b - 129 = q. What is the tens digit of b?
3
Let n(i) = -3*i**3 - 7*i**2 - 6*i - 11. Let q(s) = s**3 + 6*s**2 + 6*s + 11. Let r(k) = 3*n(k) + 4*q(k). What is the tens digit of r(-4)?
5
Let d = -100 + 91. Let r(j) = -j**3 - 11*j**2 - 29*j + 15. What is the hundreds digit of r(d)?
1
Suppose 7 = -k - 8. Let j be 5*k/(-25) + 0. Suppose w + 3*q = 33, w = j*w - 2*q - 98. What is the tens digit of w?
4
Suppose 28511 = -1693*m + 1700*m. What is the tens digit of m?
7
Let o(u) = -u - 11. Let l be o(-17). Let c be 0/3 - -1 - (-10 + l). Suppose c*p - 2 = 2*g - 7, p = 2*g - 25. What is the units digit of g?
5
Suppose 26*h - h - 571360 = 162415. What is the thousands digit of h?
9
Let z = -138 - -104. What is the tens digit of 1 - z/(-30) - (-62062)/390?
5
Suppose 173 = -16*a - 16579. What is the tens digit of -3 + a/(-3)*1?
4
Suppose 0 = 3*l - 894 - 882. Suppose 5*v + 2*h - 2304 = -l, -4 = h. What is the tens digit of v?
4
Let n be 180/54*(9 + 0). Suppose n*l = 27*l - 21. Let f(g) = -g**3 - g**2 + 10*g + 5. What is the units digit of f(l)?
9
Let p = 20775 + -10846. What is the units digit of p?
9
Suppose 3*a - 39 = -a - 3*s, -a + 16 = 2*s. Suppose a*r - 5 = 5*r. Suppose -5*c - 42 - 608 = -r*f, -f + 3*c = -120. What is the units digit of f?
5
Let s(m) = m**3 + 84*m**2 - 203*m - 349. What is the units digit of s(-86)?
7
Let k be (-4221)/(-12) - (3 + (-17)/4). Let m = 422 + k. What is the hundreds digit of m?
7
Let b = -23 - -24. Suppose -101 + 41 = 10*j. What is the units digit of -1*5/(j + b)?
1
Suppose 3213234 + 3337107 = 271*c. What is the hundreds digit of c?
1
Let d = -400 + 1131. What is the hundreds digit of d + ((-6)/5)/(2/5)?
7
Suppose 7*p - 58041 - 68274 = 0. What is the tens digit of p?
4
Suppose 5 = 3*t - 2*t. Suppose -5*r + 14 = c, 2 = -3*r + t. What is the hundreds digit of 1582/c - (-16)/72?
1
Let d(p) = -5*p - 82. Let i be d(-17). Suppose -v = i*n + 762 - 1904, n - 5*v = 370. What is the units digit of n?
0
Suppose j = 2*z + 986, 3*z + 3968 = 4*j + z. What is the tens digit of j?
9
Let o = 246 - 242. Suppose 284 = 2*a - 